).
106
(-30 + (5 - -4) - -58) + -13
24
Evaluate -19 - (-12 + 9 + -13 + -14 + 14).
-3
What is 113 + -107 - (-13 + -1 + -2 - -4)?
18
Calculate 42 + (23 - 71) + 32.
26
Evaluate 4 + (0 - -15) + -34 + (-60 - (-12 + -18)).
-45
(7 + -7 + 1 - -2) + 24 + -14 + -1
12
Calculate (-29 - -44 - 57) + 17.
-25
What is the value of -50 + 21 - (0 + 5 + -17) - 2?
-19
Calculate (15 - (49 + 8)) + 11 + -24.
-55
What is 31 + -56 + 52 + -21 + 31?
37
-1 - 61 - (20693 + -20652)
-103
-5 + 1 + (0 - -22) + -916 + 905
7
Evaluate 90 - (2 - 72 - -169).
-9
What is 2 + -3 + (-11 - (-3 + 1)) - (3328 + -3392)?
54
Evaluate -22 + 37 + 6 + 6.
27
What is -40 + 33 + 74 - 35?
32
Calculate -5 + (0 + (-3 - -4) - -4 - 5 - -53).
48
What is 38 - (-33 - (34 + -66))?
39
What is 12 - (-7 - (2 - 3) - (11 - -65 - 2))?
92
Evaluate -89 + -1 - (49 + (35 - 65) + -15).
-94
Calculate (65 - 14) + -69 + 20.
2
What is the value of 16 - (48 + (3 - (-2 + -10))) - 16?
-63
What is the value of -2 - (-12 - (-84 + 1 - (1 + (-45 - -35))))?
-64
Evaluate -5 - (-8 + 2 - (-114 + 63)).
-50
Evaluate 2 + 10 + 27 + 21.
60
Calculate 17 + (18 + 9 + -4 - 30) + (0 - -3).
13
What is -212 + (-54 - -126) + 30?
-110
What is the value of -7 + 14 - 15 - (1 - (-10 + -12))?
-31
Evaluate 70 + -110 + -11 - -81.
30
Calculate 33 - (-103 - -30 - -85).
21
Calculate -74 + 16 + -31 + 44 - -99.
54
What is 10 + (16 + (-12 - -7) - -7 - 20)?
8
What is the value of 43 - 1 - (-31 + (82 + -20 - (14 + 15)))?
40
-146 + 30 + 55 + 2 + -3
-62
Calculate (218 + -196 - 14) + (0 + 0 - 11).
-3
923 - 905 - (-13 + 0)
31
18 + -3 - (-331 - -327)
19
Calculate -42 + (-10 - (-19 - -9)) - (3 - -2).
-47
Evaluate -2 + (2 - -88) + -77 + 143 + -45.
109
What is the value of -8 + 18 + -5 + -10 - -11 - 12?
-6
What is -58 + -62 + (23 - -183)?
86
What is the value of -2 + (78 - 48) - 66?
-38
What is -76 - 2 - (9 - (-13 - -16) - (-17 + 25))?
-76
(-6 + -67 - (-38 + 8 - -21)) + 1 + 0
-63
Evaluate ((-2 - -7) + -2 - -6) + -1817 + 1667.
-141
What is the value of 17 + -13 + (51 - 29)?
26
What is the value of -1 + -18 + (26 - (101 - 50) - 48)?
-92
What is the value of (31 - -13) + -48 - (59 - 6)?
-57
51 + (20 - 12) + -66
-7
What is the value of 210 + -295 + 33 + 2?
-50
Calculate -187 + 110 - (-41 - 12).
-24
What is -5 - ((3 + -1 + 55 - 0) + (-90 - -87))?
-59
Evaluate -8 + -2 - (-5 + -46).
41
Calculate 26 - (69 + (-25 - -23)).
-41
Calculate -7 - ((14 - 9 - 4) + -2 - -5).
-11
What is the value of -1 + 2 + -83 + 65 + 23?
6
9 - -9 - -130 - (-7 - (-9 + (-25 - -11)))
132
Evaluate -674 + 636 + (44 - -5).
11
Evaluate 0 - 37 - (-51 + -1 + 35) - -86.
66
Evaluate (54 - 52 - -47) + -87.
-38
Calculate 0 + 82 - ((81 - 74) + 0 + -5).
80
What is the value of (-1 - (4 - 8 - -4)) + (-1885 - -1946)?
60
What is 46 + 19 - 38 - 44?
-17
(-18 - 2) + (13 - (11 - -10 - 0))
-28
(13 + (6 - (27 - 13)) - -4) + 3
12
What is (-23 - (-2 + -31)) + (-68 - (-3 - 14))?
-41
Calculate -498 + 426 - (-18 - 26).
-28
-8 - (34 - 1 - (15 + -2))
-28
Calculate 2 - -1 - (56 + (-26 - -6) + 8).
-41
109 + -80 + 44 - 132
-59
What is the value of 132 - 121 - (25 - (8 + -7))?
-13
(-184 - (4 - 44)) + 1 + 2 + 15
-126
What is the value of 76 - (62 + (-33 - -3))?
44
9 - (10 - (11 + -22)) - -7 - (-28 + -3)
26
-11 + -17 - -33 - (-11 - -4)
12
Evaluate (30 - 40) + (-5 - 0) - (-7 + 43).
-51
-230 - -121 - (-3 - 56)
-50
What is (3 - (0 + -12)) + 3267 + -3257?
25
Evaluate 39 + 16 + -25 - 107.
-77
Calculate 1 - -7 - (3 + -41 - (46 + -45)).
47
Calculate (2 - 4) + 1 + -6 - (-16129 - -16129).
-7
What is the value of (35 - (21 - -64)) + 172?
122
Evaluate 13 - (91 + -252 + 136).
38
What is the value of -2 - (0 + -13 + 3) - (1163 - 1111)?
-44
What is -4 + ((-1 - -8) + 7 - 1) + (-28 - -9)?
-10
What is the value of (-3 - 42) + (-28 - (12 - (8 + 21)))?
-56
What is (28 - 63) + (-90 - -192)?
67
What is the value of -1 + (28 + 37 + -20 - (2 - -6))?
36
Evaluate (-6 - (-108 - 1)) + (11 - (13 + 3) - 8).
90
What is -3 - 126 - (33 - (7 - -23 - -5))?
-127
What is 145 + -1 + (-62 + 60 + -37 - -27)?
132
Evaluate (11 - 57) + 36 - 36.
-46
17374 + -17232 + (-230 - -1)
-87
What is -2 + (-2 - (0 - 6)) - ((-24 - -29) + 28)?
-31
Evaluate 0 + 4 + (-11 + -2 + 13 - 18 - 12).
-26
What is 3 + -75 - (-570 - -520)?
-22
(15 - 3) + (-10 - (-10 + 15)) + -11 + 8
-6
What is (4 - 29) + 5 + 96 + -64?
12
Evaluate (10 + -12 - (-9 + 2)) + -2 - (91 + -35).
-53
What is -35 - (-12 + 44 + -25 + -3)?
-39
Calculate -52 + (38 - (-111 - -33)).
64
Evaluate (90 + -65 - -6) + (-36 - 2).
-7
What is the value of ((4 - -3) + -5 - 5) + (-17 - -31)?
11
Evaluate 100 + -115 + (35 - (0 - 9)).
29
Calculate 10 + -9 + (199 + -213 - (-1 - 6)).
-6
What is the value of 45 + (-13 + 26 - -8) - 15?
51
What is (-4 - (-10 - -21 - (12 - 6))) + 11?
2
(-26 - 15) + 34 + (73 - (5 + -8))
69
What is 19 + -27 + 1 + -2 - (6 - 20 - 41)?
46
What is (2 - 78) + 45 + -166 + 82?
-115
What is (-39 - -108 - 140) + -43?
-114
Calculate -1555 + 1603 + (-34 - -4).
18
Evaluate -12 + (0 + -8 - (-35 - -17 - -6)).
-8
10 + (0 - -70) + (-60 - -49)
69
What is the value of -3 + (-49 + (16 - 4) - 32)?
-72
What is (-6 - (-29 + 7 + (3 - -3))) + -51?
-41
Calculate 72 + (76 + -84 - (17 + 2)).
45
-27 + 1 + 26 + 30
30
Calculate -23 + -46 + -27 + 42.
-54
(8 - 4) + 54 - (-34 + (34 - -7 - 17))
68
What is -84 - -137 - (-19 + 43)?
29
Calculate 81 + (-79 - -54) + -96.
-40
What is (4 - (-3 - -1)) + -1 + 3 - 22?
-14
What is -46 - (4 + -2) - (33 - 31 - 7)?
-43
What is (-58 - (-85 + 26)) + (1 - 10)?
-8
Calculate (-7 - 26) + (-240 - (-65 + -77)).
-131
-48 + (103 - 70) - 61
-76
Calculate (-5 - 32) + (-1 + 9 + 2 - 24).
-51
What is the value of 7 + -5 + (16 + -135 - -28)?
-89
Evaluate 152 - (35 - 20) - 16.
121
Evaluate -47 + -6 + 72 - -15.
34
-75 + 143 - 72 - 20
-24
What is the value of 1 - (2 - 14) - (-15 + 84 + -68)?
12
Evaluate 109 - (7 + (26 - -29)).
47
Evaluate -7079 + 7113 + 27 + -1 + -2.
58
Evaluate 3 + -101 + 225 + -148.
-21
Evaluate (-3 - (3 + -4 - -2)) + (-803 - -866) + -4.
55
What is the value of 54 + -52 + -79 + 29?
-48
Evaluate (-20 - (66 - 38)) + 37.
-11
57 - 69 - 43 - -17
-38
What is 37 - 30 - (-41 - -58)?
-10
-96 + -6 + -7 + 24 + -15 + (9 - 2)
-93
What is -14 + 53 + -32 + -33 + -2 + 2?
-26
Calculate (-12 - ((0 - -14) + -9)) + 3 + (11 - -26).
23
What is the value of (4 - 96) + 1 + 5 + 0 + 11?
-75
Evaluate (29 - (35 + 18)) + 33.
9
What is -151 - (-60 + -158) - 7?
60
What is -32 + ((-10 - 2) + 3 - 3) + 8 - -12?
-24
Evaluate 162 + -163 + (-16 - 0) + (-6 - (4 - 1)).
-26
1 + 1 + 3 + (1901 - 1923)
-17
(-82 - -47) + 42 - (11 + 4)
-8
What is the value of (20 - (11 - -10)) + 0 + 6 + -31?
-26
What is 13 + -5 + -2 + 22 + (10 - 59)?
-21
What is the value of (-117 - (1 + -1)) + -162 + 357 + -186 + -3?
-111
2 - (-10 + 3) - (6 - (4 - (50 - 18)))
-25
What is the value of (0 - 59) + (1 - -3 - (0 + -15 + 11))?
-51
What is (47 - 49) + 49 + -22?
25
What is (-33 - (-23 - 17)) + 4 + (-3 - -9) + -5?
12
What is (-11 - -105) + (753 - 889)?
-42
What is -8 + (-1 - (-1 - -3)) + -1173 + 1290?
106
193 + 29 + (-33 - 77)
112
What is the value of 5 + 2 + 47 + -33?
21
What is the value of ((-64 - -63) + 66 - (-1 - -17)) + -9?
40
-51 + 26 + 175 + -107
43
Calculate (-24 - (-34 + 71 - 68)) + 56.
63
What is the value of (-5 - (-16 - -8)) + -42?
-39
Calculate 69 + 3 + -88 - 44.
-60
Calculate 6 + (14 - 27) - (-12 - 27).
32
Evaluate -34 + (0 - -2) - (3619 + -3601).
-50
What is the value of -1758 + 1796 + 1 + -4 + 7 + 2?
44
What is (9 - 1) + 29 + -5 - 5?
27
Calculate 17 + (-69 - 34 - -14) + 32.
-40
1 + (-1 - 30) + -1 + (-19 - -7)
-43
What is the value of 12 + -75 + 81 + 0 + -30?
-12
-7 + 3 + 4 + (-6 - 11 - -8)
-9
Evaluate (179 - 108) + -227 + 27 + 8.
-121
What is the value of (31 - -32) + -89 + 14?
-12
What is (1 + 6 - (17 + (0 - 9))) + (197 - 321)?
-125
Evaluate -13 - -25 - 28 - (-45 - 0).
29
What is the value of (-53 - (-86 - 18)) + -43 - (-1 - -11)?
-2
58 + -5 + 0 - (572 - 571)
52
What is -8 + 41 + (-4 + (1 - -3) - (-11 + 2))?
42
What is 21 + (17 - -12) + -16?
34
83 + -13 - (-4 - -4 - -2 - (4 + 0))
72
Calculate (-6 - 11) + (35 - (6 + 18)).
-6
Calculate -3 - 2 - (-26 - -20) - (2 - -7 - 58).
50
Calculate -4 - (-2 + 61 - (50 - 68 - -22)).
-59
(-1 - (5 - 2)) + (-39 + 18 - -27) + 45
47
What is the value of (35 - (10 + -44)) + -50?
19
Calculate (40 - 50) + -4 + (-63 - (5 - (0 - 2))).
-84
Wha